s divided by 231.
11
What is the remainder when 514 is divided by 430?
84
What is the remainder when 17663 is divided by 73?
70
Calculate the remainder when 645 is divided by 38.
37
What is the remainder when 424 is divided by 146?
132
Calculate the remainder when 54 is divided by 21.
12
Calculate the remainder when 571 is divided by 56.
11
What is the remainder when 707 is divided by 141?
2
What is the remainder when 129 is divided by 19?
15
What is the remainder when 167 is divided by 57?
53
What is the remainder when 4141 is divided by 112?
109
Calculate the remainder when 251 is divided by 17.
13
Calculate the remainder when 909 is divided by 26.
25
Calculate the remainder when 50 is divided by 3.
2
What is the remainder when 495 is divided by 35?
5
What is the remainder when 68 is divided by 32?
4
Calculate the remainder when 1282 is divided by 122.
62
Calculate the remainder when 611 is divided by 22.
17
Calculate the remainder when 48 is divided by 10.
8
What is the remainder when 92926 is divided by 16?
14
Calculate the remainder when 8637 is divided by 9.
6
Calculate the remainder when 5393 is divided by 5387.
6
Calculate the remainder when 144 is divided by 21.
18
What is the remainder when 1272 is divided by 143?
128
What is the remainder when 422 is divided by 8?
6
What is the remainder when 138 is divided by 10?
8
What is the remainder when 1010 is divided by 73?
61
What is the remainder when 20642 is divided by 111?
107
What is the remainder when 250 is divided by 63?
61
Calculate the remainder when 75 is divided by 36.
3
What is the remainder when 1617 is divided by 393?
45
What is the remainder when 363 is divided by 196?
167
What is the remainder when 573 is divided by 59?
42
Calculate the remainder when 167 is divided by 57.
53
Calculate the remainder when 6638 is divided by 246.
242
What is the remainder when 4968 is divided by 10?
8
Calculate the remainder when 101 is divided by 26.
23
What is the remainder when 219 is divided by 23?
12
What is the remainder when 944 is divided by 19?
13
What is the remainder when 375 is divided by 119?
18
Calculate the remainder when 752 is divided by 6.
2
What is the remainder when 13311 is divided by 8?
7
Calculate the remainder when 179 is divided by 27.
17
What is the remainder when 36424 is divided by 47?
46
What is the remainder when 618 is divided by 31?
29
Calculate the remainder when 5461 is divided by 545.
11
Calculate the remainder when 526 is divided by 198.
130
What is the remainder when 525 is divided by 16?
13
What is the remainder when 140 is divided by 77?
63
What is the remainder when 16318 is divided by 85?
83
Calculate the remainder when 2263 is divided by 28.
23
What is the remainder when 25 is divided by 16?
9
What is the remainder when 215 is divided by 2?
1
What is the remainder when 1749 is divided by 102?
15
Calculate the remainder when 61 is divided by 14.
5
Calculate the remainder when 1529 is divided by 68.
33
What is the remainder when 74 is divided by 7?
4
Calculate the remainder when 20757 is divided by 13.
9
What is the remainder when 223 is divided by 104?
15
Calculate the remainder when 723 is divided by 27.
21
What is the remainder when 268 is divided by 67?
0
Calculate the remainder when 1185 is divided by 108.
105
What is the remainder when 12456 is divided by 6227?
2
What is the remainder when 292 is divided by 59?
56
What is the remainder when 456 is divided by 262?
194
What is the remainder when 516 is divided by 163?
27
Calculate the remainder when 86 is divided by 47.
39
What is the remainder when 55 is divided by 5?
0
What is the remainder when 67 is divided by 30?
7
Calculate the remainder when 890 is divided by 28.
22
Calculate the remainder when 301 is divided by 28.
21
What is the remainder when 64 is divided by 38?
26
What is the remainder when 262 is divided by 154?
108
Calculate the remainder when 243 is divided by 82.
79
What is the remainder when 946 is divided by 68?
62
What is the remainder when 81 is divided by 12?
9
What is the remainder when 199 is divided by 23?
15
What is the remainder when 34395 is divided by 294?
291
What is the remainder when 190 is divided by 90?
10
What is the remainder when 651 is divided by 152?
43
Calculate the remainder when 249 is divided by 91.
67
Calculate the remainder when 162 is divided by 112.
50
Calculate the remainder when 8839 is divided by 65.
64
Calculate the remainder when 92 is divided by 22.
4
Calculate the remainder when 342 is divided by 11.
1
Calculate the remainder when 40087 is divided by 249.
247
What is the remainder when 149 is divided by 31?
25
Calculate the remainder when 722 is divided by 142.
12
What is the remainder when 798 is divided by 32?
30
Calculate the remainder when 215 is divided by 68.
11
Calculate the remainder when 33 is divided by 22.
11
Calculate the remainder when 176 is divided by 27.
14
Calculate the remainder when 82 is divided by 45.
37
What is the remainder when 3299 is divided by 165?
164
Calculate the remainder when 566 is divided by 39.
20
What is the remainder when 152 is divided by 53?
46
Calculate the remainder when 198 is divided by 40.
38
Calculate the remainder when 136 is divided by 13.
6
What is the remainder when 119 is divided by 103?
16
What is the remainder when 123 is divided by 19?
9
Calculate the remainder when 4111 is divided by 26.
3
Calculate the remainder when 2762 is divided by 110.
12
Calculate the remainder when 205 is divided by 94.
17
Calculate the remainder when 535 is divided by 12.
7
Calculate the remainder when 2831 is divided by 21.
17
Calculate the remainder when 288 is divided by 78.
54
Calculate the remainder when 4708 is divided by 32.
4
What is the remainder when 286 is divided by 124?
38
What is the remainder when 195 is divided by 79?
37
Calculate the remainder when 282 is divided by 43.
24
Calculate the remainder when 734 is divided by 15.
14
Calculate the remainder when 286 is divided by 18.
16
Calculate the remainder when 37 is divided by 23.
14
Calculate the remainder when 1089 is divided by 4.
1
Calculate the remainder when 1644 is divided by 17.
12
Calculate the remainder when 1044 is divided by 260.
4
Calculate the remainder when 335 is divided by 11.
5
What is the remainder when 5565 is divided by 6?
3
Calculate the remainder when 5799 is divided by 25.
24
What is the remainder when 97 is divided by 25?
22
What is the remainder when 19933 is divided by 16?
13
What is the remainder when 16846 is divided by 72?
70
What is the remainder when 578 is divided by 90?
38
Calculate the remainder when 1559 is divided by 15.
14
What is the remainder when 403 is divided by 122?
37
What is the remainder when 6072 is divided by 9?
6
What is the remainder when 2787 is divided by 17?
16
Calculate the remainder when 238 is divided by 159.
79
Calculate the remainder when 592 is divided by 86.
76
What is the remainder when 488 is divided by 154?
26
Calculate the remainder when 180 is divided by 169.
11
Calculate the remainder when 1335 is divided by 56.
47
What is the remainder when 925 is divided by 24?
13
Calculate the remainder when 130 is divided by 56.
18
What is the remainder when 105 is divided by 29?
18
Calculate the remainder when 19 is divided by 5.
4
What is the remainder when 3097 is divided by 33?
28
Calculate the remainder when 3086 is divided by 20.
6
What is the remainder when 12044 is divided by 12033?
11
What is the remainder when 221 is divided by 6?
5
Calculate the remainder when 573 is divided by 58.
51
Calculate the remainder when 32 is divided by 3.
2
Calculate the remainder when 2177 is divided by 156.
149
Calculate the remainder when 84 is divided by 35.
14
Calculate the remainder when 308 is divided by 78.
74
What is the remainder when 340 is divided by 95?
55
Calculate the remainder when 517 is divided by 52.
49
What is the remainder when 8811 is divided by 13?
10
What is the remainder when 284 is divided by 96?
92
Calculate the remainder when 5317 is divided by 19.
16
What is the remainder when 76 is divided by 26?
24
Calculate the remainder when 1195 is divided by 67.
56
What is the remainder when 184 is divided by 51?
31
Calculate the remainder when 107 is divided by 8.
3
Calculate the remainder 